 -205 + 5466?
5261
In base 9, what is -33 - -16284244?
16284211
In base 9, what is 6745522620 + -3?
6745522616
In base 6, what is 105 - -13405421?
13405530
In base 16, what is 15 + 3488f0?
348905
In base 14, what is -7c98860 + -4?
-7c98864
In base 4, what is 11031 - -2333232?
3010323
In base 16, what is -3d54 + 5a48?
1cf4
In base 8, what is 117236155 + -2?
117236153
In base 11, what is 985 - -1275?
214a
In base 13, what is -5 - -173cb164?
173cb15c
In base 2, what is 10110101010 + -100000011?
10010100111
In base 2, what is 11010101111100011 - 100001001?
11010101011011010
In base 10, what is 298600501 + 3?
298600504
In base 11, what is -89202 - 687?
-89889
In base 2, what is -111100001110001111100 - 10001?
-111100001110010001101
In base 3, what is 1011012102221 - -1101212?
1011020211210
In base 6, what is -5153550 - 23151?
-5221141
In base 5, what is 12114402303 + -3?
12114402300
In base 9, what is 8 + -131574262?
-131574253
In base 14, what is -30616c5 + -1?
-30616c6
In base 3, what is 0 + 1201222221110?
1201222221110
In base 9, what is 15 - 33616672?
-33616656
In base 12, what is 5ab + 2b70a5?
2b7694
In base 8, what is 7 - 6524573?
-6524564
In base 8, what is -1421706176 - 6?
-1421706204
In base 10, what is -101 - -6579?
6478
In base 10, what is -24273027 - 7?
-24273034
In base 12, what is -2270 + 43aa?
213a
In base 4, what is -221123201213 - 31?
-221123201310
In base 6, what is -455313211 - -4?
-455313203
In base 2, what is 1001 - 100101001101111101001011?
-100101001101111101000010
In base 8, what is -462443 - -527?
-461714
In base 8, what is -2514 + -1216?
-3732
In base 12, what is -396a8 - 7414?
-44b00
In base 16, what is -2a - 363f28?
-363f52
In base 13, what is -b4 + -a043?
-a127
In base 11, what is 26a3a - -1892?
28821
In base 4, what is 223323320231330 + 3?
223323320231333
In base 3, what is -102 - -101210220122?
101210220020
In base 3, what is 2 - -1112000021102?
1112000021111
In base 16, what is 1e - -e33b80?
e33b9e
In base 14, what is -19 + -4bb1b?
-4bb36
In base 16, what is -10a4c2 - 4?
-10a4c6
In base 12, what is 360130 - -34?
360164
In base 8, what is 2 - -17355663?
17355665
In base 13, what is -b968 + -1613?
-1027b
In base 8, what is -2047514 - 0?
-2047514
In base 9, what is 356472661 + 4?
356472665
In base 7, what is 564 - -145646?
146543
In base 7, what is 16 - 15134643?
-15134624
In base 4, what is 332321230 + 111?
332322001
In base 11, what is 33 - 4704154?
-4704121
In base 13, what is -13 + 8a85947?
8a85934
In base 5, what is -332324010 + 0?
-332324010
In base 8, what is 31 + -1726067?
-1726036
In base 15, what is 33 - 2719063?
-2719030
In base 16, what is -12 - 23c541b?
-23c542d
In base 13, what is -4 - -30ab0c8?
30ab0c4
In base 13, what is 2a7659 - 281?
2a73a8
In base 9, what is -315 - -714802?
714476
In base 5, what is -13021 + -200143003?
-200211024
In base 6, what is 30 - 4320230?
-4320200
In base 5, what is -22 - -1303221241?
1303221214
In base 10, what is 135 + 10349199?
10349334
In base 11, what is 1 + 108771506?
108771507
In base 16, what is -19a2ee - -5?
-19a2e9
In base 8, what is -667 - 647234?
-650123
In base 9, what is -78 + -601444?
-601533
In base 4, what is 10220033123 + 23?
10220033212
In base 14, what is d5b + 5893d?
5989a
In base 2, what is 100110110110101000101110100 + 101?
100110110110101000101111001
In base 2, what is 100010010 + 1011110110101011010010?
1011110110101111100100
In base 5, what is -44 + -213420100?
-213420144
In base 3, what is -21111 - -121121111?
121100000
In base 2, what is -101 + 10011000110000101000011001101?
10011000110000101000011001000
In base 6, what is -5 - 21320222214?
-21320222223
In base 12, what is 959 + -27?
932
In base 2, what is 100 + 101111101100011001111?
101111101100011010011
In base 11, what is -5a - 1239504?
-1239563
In base 16, what is -860e8 + 42f?
-85cb9
In base 2, what is -10101010101110101010101 - -1010?
-10101010101110101001011
In base 7, what is 142 + -513341?
-513166
In base 11, what is -103 - 913867?
-91396a
In base 7, what is -1632 + -20126?
-22061
In base 4, what is -322231 + -112332221?
-113321112
In base 3, what is -2 - -101011201211011020?
101011201211011011
In base 9, what is 34823 - 86661?
-51737
In base 9, what is -3 + 2048388?
2048385
In base 7, what is 1 - 230363422?
-230363421
In base 13, what is -2ba4 - 25123?
-27cc7
In base 14, what is -1253c6d - -1b?
-1253c52
In base 14, what is 2 - -2955121?
2955123
In base 4, what is 12 + -133202023113?
-133202023101
In base 5, what is -120234221 - 221?
-120234442
In base 6, what is -4231 - 2340103?
-2344334
In base 5, what is -4 - -3011312311?
3011312302
In base 12, what is 1641 + 3b9?
1a3a
In base 8, what is 104631 - -61?
104712
In base 16, what is -12b6 + -88ef?
-9ba5
In base 3, what is 122022 + -212121100?
-211222001
In base 8, what is 450762 + 14?
450776
In base 10, what is 5025242 + -6?
5025236
In base 16, what is -33 + 512659?
512626
In base 15, what is 7bb6 + 595?
825b
In base 11, what is -3 - 466a154?
-466a157
In base 7, what is -5 - -4154201?
4154163
In base 16, what is -4f65 - 107?
-506c
In base 10, what is 200535 + 14?
200549
In base 15, what is 5ee10b68 + 0?
5ee10b68
In base 3, what is 1202100022022101 - 11?
1202100022022020
In base 6, what is 4 + -35523340552?
-35523340544
In base 5, what is -310422 - -300031?
-10341
In base 12, what is 814701a + -4?
8147016
In base 9, what is 150612876 - -5?
150612882
In base 2, what is -1100100100 + -1001001100001?
-1010110000101
In base 6, what is -14311522 - 102?
-14312024
In base 8, what is -30222 - 12306?
-42530
In base 9, what is -17425 + -1652?
-20177
In base 8, what is 15 - -5634353?
5634370
In base 3, what is 211120 - 2002020000121?
-2002012012001
In base 9, what is -75352474 + -1?
-75352475
In base 11, what is 5219 + 13a87?
191a5
In base 4, what is -3021121133012 - -1?
-3021121133011
In base 9, what is -417280 - -66?
-417213
In base 11, what is 297427 - -149?
297575
In base 5, what is 341 + 33031343?
33032234
In base 16, what is -834e + -20a?
-8558
In base 15, what is -6 + -468036?
-46803c
In base 9, what is -1685 + 130212?
127416
In base 15, what is -46 - -da8ac?
da866
In base 13, what is 46b5 - 26b?
4447
In base 16, what is -1aab + f799?
dcee
In base 9, what is 1488 + 5353?
6852
In base 4, what is 3230013203 + -23?
3230013120
In base 9, what is -560312 - -22?
-560280
In base 3, what is -121011110 - 20211?
-121102021
In base 14, what is 2 - -670521?
670523
In base 16, what is 3 + 83c39cc?
83c39cf
In base 9, what is -1157402830 + 1?
-1157402828
In base 3, what is -110 + 10000202211120?
10000202211010
In base 11, what is 8a998a - 13a?
8a9850
In base 16, what is -2356 + -385?
-26db
In base 12, what is -3 - 132b5530?
-132b5533
In base 2, what is -1110010 + 1111111011000011?
1111111001010001
In base 7, what is -3 + 2620220242?
2620220236
In base 8, what is 17 + -24211512?
-24211473
In base 11, what is 2613 + 2012?
4625
In base 9, what is -362 + 3777026?
3776554
In base 11, what is 432a8425 - 4?
432a8421
In base 14, what is -10 - -17498?
17488
In base 13, what is -9bac3cc - -18?
-9bac3b4
In base 13, what is 5926b9 + -12?
5926a7
In base 10, what is -49061 + 4819?
-44242
In base 10, what is 152366 + 105?
152471
In base 15, what is 33d + 3ce?
71c
In base 15, what is -151978 + -d?
-151986
In base 7, what is 21 - -20406155?
20406206
In base 3, what is -121211 - -11011110210?
11010211222
In base 11, what is 28740a + 1053?
288462
In base 10, what is -26 - 3476912?
-3476938
In base 5, what is -3 + -121024421421?
-121024421424
In base 15, what is -60b3 + -2cc6?
-8d89
In base 10, what is -122 - -377031?
376909
In base 15, what is -272c450e + -4?
-272c4513
In base 2, what is 11010110100011011100001 + 0?
11010110100011011100001
In base 6, what is 333252 - -3124?
340420
In base 2, what is -101110000010011 - 110100010111?
-110100100101010
In base 12, what is 9679b2a + -5?
9679b25
In base 6, what is -103 + -31420304?
-31420411
In base 12, what is 1169119 + -37?
11690a2
In base 14, what is 6 + -4690aac?
-4690aa6
In base 7, what is 2 - -24323034?
24323036
In base 15, what is -18991e - -b?
-189913
In base 8, what is 127415 - 24055?
103340
In base 11, what is -898795 + 27?
-898769
In base 9, what is -14554 - -416?
-14137
In base 10, what is 2 - 13444035?
-13444033
In bas